- (-566)/(-16). Let l = t - p. What are the prime factors of l?
23
Let q(r) = -r**2 + 17*r - 2. Let w be q(17). Let d = w + 88. What are the prime factors of d?
2, 43
Suppose 7*m - 67608 = -1059. What are the prime factors of m?
3, 3169
Let x be ((-3)/(-21))/((-14)/(-98)). What are the prime factors of (-16737)/(-28) - (x + (-20)/16)?
2, 13, 23
Suppose w - 4*j + 31 = -5, 0 = -2*w + 2*j - 42. Let z(y) = 4*y**2 + 21*y + 24. What are the prime factors of z(w)?
2, 89
Suppose 0 = -4*j - j + 10. Suppose -j - 3 = -k. Suppose 3*g + 44 = 2*z + 4*g, k*g + 44 = z. What are the prime factors of z?
2, 3
Suppose 4*y - 6*c - 2020 = -2*c, 5*c = -4*y + 2038. Let v = 9 + y. List the prime factors of v.
2, 3, 43
Suppose -17*s + 768 = 7*s. List the prime factors of (2200/s)/((-2)/(-8)).
5, 11
List the prime factors of ((-10)/(-11))/(50/197725).
5, 719
Suppose 0 = 41*p - 168731 - 480955. List the prime factors of p.
2, 3, 19, 139
Let p(l) = -l**2 + l - 8. Let k(f) = 28*f**2 + 22*f - 19. Let y(q) = k(q) + 6*p(q). List the prime factors of y(8).
5, 313
Suppose 7026*k = 7031*k - 2865. List the prime factors of k.
3, 191
Suppose -4*z + 12062 = 5*r - 24662, -4*r - 3*z = -29378. List the prime factors of r.
2, 5, 367
Let w(a) be the first derivative of -2*a**2 - 20*a - 7. Let r be w(-6). List the prime factors of (r/(-6))/((-16)/1512).
3, 7
Let q = 8588 + -5304. What are the prime factors of q?
2, 821
Let m(l) = 27577*l**2 + 108*l + 111. What are the prime factors of m(-1)?
2, 5, 7, 197
Let i(l) = -l**3 - 4*l**2 + 9*l + 4. Let o be i(-6). Suppose 4*j = -6 + o. Suppose -225 = -j*w - 3*r, 3*r + 54 = 4*w - 153. List the prime factors of w.
2, 3
Suppose -2*i - 8 = -2*o, 0 = -2*i + 16*o - 11*o - 2. List the prime factors of 483*-1*8/i.
2, 7, 23
Let m(a) = 134*a**2 + 2*a - 14. Let v = -73 + 70. What are the prime factors of m(v)?
2, 593
Let j(v) = 4*v**3 + 21*v**2 - 30*v - 23. List the prime factors of j(15).
2, 7, 317
Suppose i = -1, -4*j + 4491 + 239 = 2*i. Suppose 4*y - 3*o + 4*o = j, -4*o - 614 = -2*y. What are the prime factors of y?
3, 11
Let r(f) = 49*f - 1. Let z = -75 + 76. Let y(h) = h + 1. Let n(q) = z*r(q) - 4*y(q). What are the prime factors of n(3)?
2, 5, 13
Suppose 6 = -391*x + 392*x. What are the prime factors of x/(12/(-10)) - -313?
2, 7, 11
Let h be (-35)/10*17 - 1/(-2). Let b = 81 - h. Suppose -w - 14 = -2*x - 40, b = 4*w + 4*x. What are the prime factors of w?
2
Suppose 4*j - 1481 = 9443. Let r = -1078 + j. List the prime factors of r.
3, 19, 29
Suppose -2*b = 2 + 2. Let i(z) = z**3 + 22*z**2 + 11*z + 26. Let n be i(-19). What are the prime factors of 3/b - n/(-24)?
2, 3
Suppose -2*t = -2*y + 30, 27 - 90 = -3*y - 3*t. Suppose 1776 = -10*w + y*w. What are the prime factors of w?
2, 3, 37
Let r = 135 - 132. Suppose 745 = 5*f + 10*o - 13*o, 0 = r*f + 3*o - 447. What are the prime factors of f?
149
Let w(i) = 185*i**2 - 13*i - 133. List the prime factors of w(-7).
7, 1289
Suppose 20212 = 5*z + 3*u, u - 4*u = 2*z - 8083. List the prime factors of z.
13, 311
Suppose 4*o = 5*k + 321, 3*k + o + 0*o + 179 = 0. Let x = 59 + k. What are the prime factors of x/(-3)*624/32?
13
Let n(y) = -y**3 + 126*y**2 - 128*y + 2952. What are the prime factors of n(124)?
2, 3, 743
Let w(i) = -11*i - 26. Let s(q) = q + 1. Let g(u) = -3*s(u) - w(u). Let c(n) = n**3 + 4. Let d be c(0). List the prime factors of g(d).
5, 11
Suppose 10*b - b - 90 = 0. Suppose 0 = 2*d - 3*v - 2*v + 121, -2*d = -4*v + 122. Let y = b - d. List the prime factors of y.
73
Let t be (1122/(-5))/((-6)/45). List the prime factors of -5 + 4 - t/(-9).
2, 3, 31
Let f(w) = -w**3 - 7*w**2 - w - 70. Let r be f(-8). Suppose -5*c + 1354 = -r*j, 2*c + 134 = -3*j + 668. List the prime factors of c.
2, 3, 5
Let a(o) = -5*o**2 - 9*o**2 + 15*o**2 + 8*o**3 + 2*o - 4. Let z be a(3). Suppose -5*k + 453 + z = 0. List the prime factors of k.
2, 17
Suppose -3*r + 8*r - 40 = 0. Suppose 0*l = -2*l + o - 13, -r = l - 2*o. What are the prime factors of (-8620)/(-40) - l/4?
7, 31
Suppose 0 = -18*f - 8626 - 18302. Let l = 2422 + f. What are the prime factors of l?
2, 463
Let x(z) = 4*z**2 - 4*z - 43. Let t be x(-5). Let d = 363 - t. What are the prime factors of d?
2, 11, 13
Suppose -i - 46836 - 4863 = -4*x, -64626 = -5*x + 2*i. List the prime factors of x.
2, 3, 359
Let y(l) = 52*l - 1. Let d be y(2). Let c = d + -99. Suppose 2*o - 236 = -i + 2*i, 8 = -c*i. List the prime factors of o.
3, 13
Suppose -3*z + 20 = z. Let v(i) = -i**3 + 43*i**2 + 293*i + 49. Let a be v(49). Suppose -z*x + 62 + 43 = a. What are the prime factors of x?
3, 7
Let j(w) = 2*w**3 - 6*w**2 - 9*w + 9. Let r be j(5). What are the prime factors of (-2)/(1/1) + r?
2, 31
Let k be (0*(-3)/(-15))/(-3). Suppose k = 25*q + 12324 - 37199. What are the prime factors of q?
5, 199
Let k = 1065 + 13219. List the prime factors of k.
2, 3571
Suppose 10808*k = 10807*k + 23080. List the prime factors of k.
2, 5, 577
Let h = -3419 + 5193. List the prime factors of h.
2, 887
Let r be 2760/26 + (-16)/104. Suppose a - 6*a = g + r, 5*g + 110 = -5*a. List the prime factors of (-6)/a - (1228/(-14) + -3).
7, 13
Suppose 4 + 1 = x. Suppose -x*u = -u - 44. Suppose 4*o = 4*a - 64, a + u = 3*a + 5*o. List the prime factors of a.
13
Let y(z) = 231*z + 140. List the prime factors of y(6).
2, 7, 109
Let s(d) = 6092*d**2 - 225*d - 20. What are the prime factors of s(3)?
54133
Let w = -2455 - -3351. What are the prime factors of w?
2, 7
Suppose 334 = -5*v + 3*b, 220 = -3*v - b + 14. What are the prime factors of 1*v*15/(-6)?
2, 5, 17
Suppose -w + i + 1015 = 0, -56*w + 54*w = -5*i - 2015. What are the prime factors of w?
2, 3, 5, 17
Let d(n) = -4237*n + 172. List the prime factors of d(-3).
13, 991
Let l be (-8)/(-32)*-2 - (-2)/4. Suppose 0 = v + 1, p + l*v = -v + 542. What are the prime factors of p?
3, 181
Suppose -5*z = -3 + 178. Let d(f) = -f**3 + 9*f**2 - 7*f - 34. Let j be d(8). Let l = j - z. What are the prime factors of l?
3
Let j = 1980 - -1997. List the prime factors of j.
41, 97
Let z = 563 + -402. Let b be (3/(-5))/(-10 - (-62139)/6215). Let o = b - z. List the prime factors of o.
2, 89
Let n = -4185 + 13251. List the prime factors of n.
2, 3, 1511
Let q(t) = -15*t**2 + 3*t - 2. Let z(m) = 30*m**2 - 8*m + 5. Let w(k) = -7*q(k) - 3*z(k). What are the prime factors of w(-7)?
23, 31
Suppose -3*q + 8729 = 5*f, -4*q + 1458 = f - 281. Let r = -698 + f. What are the prime factors of r?
1049
Let a = 184 - 182. Suppose 2*f = -f - a*l + 57, 3*f = 2*l + 69. What are the prime factors of f?
3, 7
Let y be -423 - (6 + (-14 - -4)). Let z = y + 461. What are the prime factors of z?
2, 3, 7
Let r(j) = 319*j**2 + 68*j - 10. List the prime factors of r(-6).
2, 11, 503
Let l be 3/(-7) - (-11)/(-7) - 6. What are the prime factors of 2*((-2196)/l - -2)?
7, 79
Let o = -2204 - -3710. Suppose 0 = 3*a + 6, -4*a = -5*x - a + o. What are the prime factors of x?
2, 3, 5
Suppose 121*l = 51416 + 827891. What are the prime factors of l?
13, 43
What are the prime factors of (13338/(-234))/((-1)/117)?
3, 13, 19
Suppose 2*g - 80594 = -3*w, -46*g - w = -47*g + 40292. List the prime factors of g.
2, 20147
Suppose -f + 14 = 7. Suppose -2*j = -f*j + 285. What are the prime factors of j?
3, 19
Let x(c) = -2*c**2. Let z be x(-2). Let a(s) = s**3 + 10*s**2 + 16*s + 8. Let b be a(z). What are the prime factors of (3 + 36/b)*(-42)/(-9)?
5, 7
Suppose -5*l + 233*o - 236*o = -122184, -o + 122188 = 5*l. List the prime factors of l.
2, 3, 4073
Let k be (-10 + 12)/(-2 + (-498)/(-248)). Suppose k = 4*u - 0*u. Let p = -45 + u. What are the prime factors of p?
17
Let d = -152 - -327. Let c = d + 212. Let q = -193 + c. What are the prime factors of q?
2, 97
Let y(v) = -25*v + 56. Suppose 0 = -2*k + 4*w - 38, 4*k - 2*k + 30 = 2*w. List the prime factors of y(k).
331
Suppose 125*t - 389435 - 362440 = 0. List the prime factors of t.
3, 5, 401
Suppose 3*c = -4*a - 401, 5*a - 37 = c + 122. Let j = c - -671. List the prime factors of j.
2, 7, 19
Let p(x) = 16*x + 9. Let n = 2 - -3. Let b be p(n). Suppose 0 = -4*j - b + 1141. List the prime factors of j.
263
Suppose -2*o - 14 = -n + o, 2*o + 6 = 0. Suppose -71 = n*k - 31. Let w(r) = -r**3 - 6*r**2 + 4*r. What are the prime factors of w(k)?
2, 3
Suppose -5*d = -326 - 109. Let j be (-2 - 22)/(36